{"id":242,"date":"2024-04-18T01:41:54","date_gmt":"2024-04-18T01:41:54","guid":{"rendered":"https:\/\/ceatt.com.br\/educacao\/?page_id=242"},"modified":"2024-04-18T07:59:35","modified_gmt":"2024-04-18T07:59:35","slug":"o-ceat","status":"publish","type":"page","link":"https:\/\/ceatt.com.br\/educacao\/o-ceat\/","title":{"rendered":"O CEAT"},"content":{"rendered":"\n<p><em><strong>CEAT<\/strong>&#8211; Centro de Estudos Avan\u00e7ados e Treinamento\/Tr\u00e2nsito \u00e9 uma institui\u00e7\u00e3o sem fins lucrativos voltada \u00e0 pesquisa e \u00e0 educa\u00e7\u00e3o de tr\u00e2nsito.<\/em><\/p>\n\n\n\n<figure class=\"wp-block-image size-full\"><img loading=\"lazy\" decoding=\"async\" width=\"792\" height=\"212\" src=\"https:\/\/ceatt.com.br\/educacao\/wp-content\/uploads\/2024\/04\/OCeat01.jpg\" alt=\"O-CEAT\" class=\"wp-image-244\" srcset=\"https:\/\/ceatt.com.br\/educacao\/wp-content\/uploads\/2024\/04\/OCeat01.jpg 792w, https:\/\/ceatt.com.br\/educacao\/wp-content\/uploads\/2024\/04\/OCeat01-300x80.jpg 300w, https:\/\/ceatt.com.br\/educacao\/wp-content\/uploads\/2024\/04\/OCeat01-768x206.jpg 768w\" sizes=\"auto, (max-width: 792px) 100vw, 792px\" \/><\/figure>\n\n\n\n<p><br><strong>Com in\u00edcio de suas atividades no ano de 2002, o \u201cCEAT \u2013 Centro de Estudos Avan\u00e7ados e Treinamento\/Tr\u00e2nsito\u201d <\/strong>\u00e9 uma OSC \u2013 Organiza\u00e7\u00e3o da Sociedade Civil de car\u00e1ter educacional, sem fins lucrativos.<br>Nossa \u00e1rea de atua\u00e7\u00e3o \u00e9, primordialmente, voltada \u00e0 causa do tr\u00e2nsito seguro e da mobilidade urbana com qualidade.<\/p>\n\n\n\n<p>O <strong>CEAT,<\/strong> al\u00e9m de seu pioneirismo, \u00e9 refer\u00eancia nacional no setor de educa\u00e7\u00e3o e forma\u00e7\u00e3o para o tr\u00e2nsito desenvolvendo produtos e servi\u00e7os para a operacionaliza\u00e7\u00e3o e humaniza\u00e7\u00e3o deste segmento extremamente vital das rela\u00e7\u00f5es econ\u00f4micas e sociais do nosso tempo.<\/p>\n\n\n\n<figure class=\"wp-block-image size-full\"><img loading=\"lazy\" decoding=\"async\" width=\"792\" height=\"212\" src=\"https:\/\/ceatt.com.br\/educacao\/wp-content\/uploads\/2024\/04\/OCeat02.jpg\" alt=\"\" class=\"wp-image-243\" srcset=\"https:\/\/ceatt.com.br\/educacao\/wp-content\/uploads\/2024\/04\/OCeat02.jpg 792w, https:\/\/ceatt.com.br\/educacao\/wp-content\/uploads\/2024\/04\/OCeat02-300x80.jpg 300w, https:\/\/ceatt.com.br\/educacao\/wp-content\/uploads\/2024\/04\/OCeat02-768x206.jpg 768w\" sizes=\"auto, (max-width: 792px) 100vw, 792px\" \/><\/figure>\n\n\n\n<p><br><strong>Alguns n\u00fameros alcan\u00e7ados pelo CEAT:<\/strong><\/p>\n\n\n\n<p><strong>75<\/strong> turmas de p\u00f3s-gradua\u00e7\u00e3o na \u00e1rea do tr\u00e2nsito com mais de <strong>2.000<\/strong> especialistas formados nos pioneiros cursos de Gest\u00e3o e Direito de Tr\u00e2nsito, Engenharia de Tr\u00e2nsito, Educa\u00e7\u00e3o e Seguran\u00e7a de Tr\u00e2nsito e Psicologia de Tr\u00e2nsito.<\/p>\n\n\n\n<p><strong>90 <\/strong>cidades atendidas em cursos de forma\u00e7\u00e3o e capacita\u00e7\u00e3o profissional de Agentes de Tr\u00e2nsito.<\/p>\n\n\n\n<p><strong>3.000<\/strong> profissionais do tr\u00e2nsito formados.<\/p>\n\n\n\n<p><strong>Nossos&nbsp;diferenciais:<\/strong><\/p>\n\n\n\n<p>O <strong>CEAT<\/strong>, como entidade de not\u00f3ria especializa\u00e7\u00e3o no tr\u00e2nsito e representativa da sociedade civil indica representantes ao <strong>SENATRAN<\/strong> e <strong>CETRAN\/ SP<\/strong>., bem \u00e0s <strong>JARIs <\/strong>de diversos munic\u00edpios brasileiros.<\/p>\n\n\n\n<p>O N\u00facleo de Psicologia do Tr\u00e2nsito <strong>CEAT<\/strong> est\u00e1 credenciando junto ao CRP\/SP. e oferece assist\u00eancia psicol\u00f3gica \u00e0s v\u00edtimas do tr\u00e2nsito.<\/p>\n\n\n\n<p>Mantemos a editora <strong>CEAT<\/strong> com publica\u00e7\u00f5es e a\u00e7\u00f5es de educa\u00e7\u00e3o de tr\u00e2nsito de vanguarda e impacto no mercado educacional.<\/p>\n\n\n\n<p>Nossos colaboradores e ex-alunos s\u00e3o profissionais com atua\u00e7\u00e3o destacada nas empresas, estados, munic\u00edpios e entidades que comp\u00f5em o Sistema Nacional de Tr\u00e2nsito.<\/p>\n\n\n\n<p>O <strong>CEAT<\/strong> foi pioneiro na cria\u00e7\u00e3o e desenvolvimento de cursos voltados \u00e0 profissionaliza\u00e7\u00e3o e humaniza\u00e7\u00e3o do tr\u00e2nsito. Como exemplo podemos citar a p\u00f3s-gradua\u00e7\u00e3o em Gest\u00e3o e Direito de Tr\u00e2nsito (1\u00aa. no pa\u00eds) e o curso de Gerenciamento de Conflitos com Infratores de Tr\u00e2nsito.<\/p>\n\n\n\n<p>Nossa atua\u00e7\u00e3o se d\u00e1 em todo o territ\u00f3rio nacional.<\/p>\n\n\n\n<p>O&nbsp;<strong>CEAT<\/strong>&nbsp;tem como foco uma atitude din\u00e2mica e de permanente aten\u00e7\u00e3o \u00e0s necessidades do mercado o que proporciona agilidade na cria\u00e7\u00e3o e planejamento de novos produtos e servi\u00e7os. Cada a\u00e7\u00e3o \u00e9 desenvolvida e planejada observando-se as necessidades e objetivos do contratante.<\/p>\n\n\n\n<p>O <strong>CEAT<\/strong> \u00e9 dispens\u00e1vel de Licita\u00e7\u00e3o conforme o Art. 75 da Lei n\u00ba 14.133\/21<strong>*<\/strong>. Contrata\u00e7\u00e3o esta que \u00e9 subsidiada por diversos pareceres jur\u00eddicos, inclusive de procuradorias municipais.<\/p>\n\n\n\n<div class=\"wp-block-group\"><div class=\"wp-block-group__inner-container is-layout-constrained wp-block-group-is-layout-constrained\">\n<p><em><strong>*<\/strong> &nbsp;O CEAT dispensa licita\u00e7\u00e3o com base na Lei de Licita\u00e7\u00f5es n\u00b0 14.133\/21 que estabelece:&nbsp; &#8220;Art. 75. \u00c9 dispens\u00e1vel a licita\u00e7\u00e3o: &#8230;.<\/em><\/p>\n\n\n\n<p><em>XV &#8211; para contrata\u00e7\u00e3o de institui\u00e7\u00e3o brasileira que tenha por finalidade estatut\u00e1ria apoiar, captar e executar atividades de ensino, pesquisa, extens\u00e3o, desenvolvimento institucional, cient\u00edfico e tecnol\u00f3gico e est\u00edmulo \u00e0 inova\u00e7\u00e3o, inclusive para gerir administrativa e financeiramente essas atividades, ou para contrata\u00e7\u00e3o de institui\u00e7\u00e3o dedicada \u00e0 recupera\u00e7\u00e3o social da pessoa presa, desde que o contratado tenha inquestion\u00e1vel reputa\u00e7\u00e3o \u00e9tica e profissional e n\u00e3o tenha fins lucrativos;<\/em><\/p>\n\n\n\n<p><\/p>\n<\/div><\/div>\n\n\n\n<p><strong>NAVEGUE<\/strong><\/p>\n\n\n<nav class=\"has-text-color has-white-color has-background has-vivid-cyan-blue-background-color is-responsive wp-block-navigation is-layout-flex wp-block-navigation-is-layout-flex\" aria-label=\"main\" \n\t\t data-wp-interactive=\"core\/navigation\" data-wp-context='{\"overlayOpenedBy\":{\"click\":false,\"hover\":false,\"focus\":false},\"type\":\"overlay\",\"roleAttribute\":\"\",\"ariaLabel\":\"Menu\"}'><button aria-haspopup=\"dialog\" aria-label=\"Abrir menu\" class=\"wp-block-navigation__responsive-container-open\" \n\t\t\t\tdata-wp-on--click=\"actions.openMenuOnClick\"\n\t\t\t\tdata-wp-on--keydown=\"actions.handleMenuKeydown\"\n\t\t\t><svg width=\"24\" height=\"24\" xmlns=\"http:\/\/www.w3.org\/2000\/svg\" viewBox=\"0 0 24 24\" aria-hidden=\"true\" focusable=\"false\"><path d=\"M4 7.5h16v1.5H4z\"><\/path><path d=\"M4 15h16v1.5H4z\"><\/path><\/svg><\/button>\n\t\t\t\t<div class=\"wp-block-navigation__responsive-container  has-text-color has-white-color has-background has-vivid-red-background-color\"  id=\"modal-1\" \n\t\t\t\tdata-wp-class--has-modal-open=\"state.isMenuOpen\"\n\t\t\t\tdata-wp-class--is-menu-open=\"state.isMenuOpen\"\n\t\t\t\tdata-wp-watch=\"callbacks.initMenu\"\n\t\t\t\tdata-wp-on--keydown=\"actions.handleMenuKeydown\"\n\t\t\t\tdata-wp-on--focusout=\"actions.handleMenuFocusout\"\n\t\t\t\ttabindex=\"-1\"\n\t\t\t>\n\t\t\t\t\t<div class=\"wp-block-navigation__responsive-close\" tabindex=\"-1\">\n\t\t\t\t\t\t<div class=\"wp-block-navigation__responsive-dialog\" \n\t\t\t\tdata-wp-bind--aria-modal=\"state.ariaModal\"\n\t\t\t\tdata-wp-bind--aria-label=\"state.ariaLabel\"\n\t\t\t\tdata-wp-bind--role=\"state.roleAttribute\"\n\t\t\t>\n\t\t\t\t\t\t\t<button aria-label=\"Fechar menu\" class=\"wp-block-navigation__responsive-container-close\" \n\t\t\t\tdata-wp-on--click=\"actions.closeMenuOnClick\"\n\t\t\t><svg xmlns=\"http:\/\/www.w3.org\/2000\/svg\" viewBox=\"0 0 24 24\" width=\"24\" height=\"24\" aria-hidden=\"true\" focusable=\"false\"><path d=\"m13.06 12 6.47-6.47-1.06-1.06L12 10.94 5.53 4.47 4.47 5.53 10.94 12l-6.47 6.47 1.06 1.06L12 13.06l6.47 6.47 1.06-1.06L13.06 12Z\"><\/path><\/svg><\/button>\n\t\t\t\t\t\t\t<div class=\"wp-block-navigation__responsive-container-content\" \n\t\t\t\tdata-wp-watch=\"callbacks.focusFirstElement\"\n\t\t\t id=\"modal-1-content\">\n\t\t\t\t\t\t\t\t<ul class=\"wp-block-navigation__container has-text-color has-white-color has-background has-vivid-cyan-blue-background-color is-responsive wp-block-navigation\"><li class=\" wp-block-navigation-item wp-block-navigation-link\"><a class=\"wp-block-navigation-item__content\"  href=\"https:\/\/ceatt.com.br\/educacao\/o-ceat\/\"><span class=\"wp-block-navigation-item__label\">O CEAT<\/span><\/a><\/li><li data-wp-context=\"{ &quot;submenuOpenedBy&quot;: { &quot;click&quot;: false, &quot;hover&quot;: false, &quot;focus&quot;: false }, &quot;type&quot;: &quot;submenu&quot;, &quot;modal&quot;: null, &quot;previousFocus&quot;: null }\" data-wp-interactive=\"core\/navigation\" data-wp-on--focusout=\"actions.handleMenuFocusout\" data-wp-on--keydown=\"actions.handleMenuKeydown\" data-wp-on--mouseenter=\"actions.openMenuOnHover\" data-wp-on--mouseleave=\"actions.closeMenuOnHover\" data-wp-watch=\"callbacks.initMenu\" tabindex=\"-1\" class=\"wp-block-navigation-item has-child open-on-hover-click wp-block-navigation-submenu\"><a class=\"wp-block-navigation-item__content\" href=\"http:\/\/.\"><span class=\"wp-block-navigation-item__label\">PRODUTOS<\/span><\/a><button data-wp-bind--aria-expanded=\"state.isMenuOpen\" data-wp-on--click=\"actions.toggleMenuOnClick\" aria-label=\"PRODUTOS submenu\" class=\"wp-block-navigation__submenu-icon wp-block-navigation-submenu__toggle\" ><svg xmlns=\"http:\/\/www.w3.org\/2000\/svg\" width=\"12\" height=\"12\" viewBox=\"0 0 12 12\" fill=\"none\" aria-hidden=\"true\" focusable=\"false\"><path d=\"M1.50002 4L6.00002 8L10.5 4\" stroke-width=\"1.5\"><\/path><\/svg><\/button><ul data-wp-on--focus=\"actions.openMenuOnFocus\" class=\"wp-block-navigation__submenu-container has-text-color has-white-color has-background has-vivid-red-background-color wp-block-navigation-submenu\"><li class=\" wp-block-navigation-item wp-block-navigation-link\"><a class=\"wp-block-navigation-item__content\"  href=\"https:\/\/ceatt.com.br\/educacao\/formacao-e-capacitacao\/\"><span class=\"wp-block-navigation-item__label\">FORMA\u00c7\u00c3O E CAPACITA\u00c7\u00c3O<\/span><\/a><\/li><li class=\" wp-block-navigation-item wp-block-navigation-link\"><a class=\"wp-block-navigation-item__content\"  href=\"https:\/\/ceatt.com.br\/educacao\/projetos-educativos-para-o-transito\/\"><span class=\"wp-block-navigation-item__label\">PROJETOS EDUCATIVOS PARA O TR\u00c2NSITO<\/span><\/a><\/li><li class=\" wp-block-navigation-item wp-block-navigation-link\"><a class=\"wp-block-navigation-item__content\"  href=\"https:\/\/ceatt.com.br\/educacao\/projetos-editoriais-para-a-educacao-de-transito\/\"><span class=\"wp-block-navigation-item__label\">PROJETOS EDITORIAIS PARA A EDUCA\u00c7\u00c3O DE TR\u00c2NSITO<\/span><\/a><\/li><\/ul><\/li><li class=\" wp-block-navigation-item wp-block-navigation-link\"><a class=\"wp-block-navigation-item__content\"  href=\"https:\/\/ceatt.com.br\/educacao\/clientes\/\"><span class=\"wp-block-navigation-item__label\">CLIENTES<\/span><\/a><\/li><li class=\" wp-block-navigation-item wp-block-navigation-link\"><a class=\"wp-block-navigation-item__content\"  href=\"http:\/\/eceat.com.br\/\"><span class=\"wp-block-navigation-item__label\">EDITORA ECEAT<\/span><\/a><\/li><li class=\" wp-block-navigation-item wp-block-navigation-link\"><a class=\"wp-block-navigation-item__content\"  href=\"https:\/\/ceatt.com.br\/educacao\/contato\/\"><span class=\"wp-block-navigation-item__label\">CONTATO<\/span><\/a><\/li><\/ul>\n\t\t\t\t\t\t\t<\/div>\n\t\t\t\t\t\t<\/div>\n\t\t\t\t\t<\/div>\n\t\t\t\t<\/div><\/nav>","protected":false},"excerpt":{"rendered":"<p>CEAT&#8211; Centro de Estudos Avan\u00e7ados e Treinamento\/Tr\u00e2nsito \u00e9 uma institui\u00e7\u00e3o sem fins lucrativos voltada \u00e0 pesquisa e \u00e0 educa\u00e7\u00e3o de tr\u00e2nsito. Com in\u00edcio de suas atividades no ano de 2002, o \u201cCEAT \u2013 Centro de Estudos Avan\u00e7ados e Treinamento\/Tr\u00e2nsito\u201d \u00e9 uma OSC \u2013 Organiza\u00e7\u00e3o da Sociedade Civil de car\u00e1ter educacional, sem fins lucrativos.Nossa \u00e1rea de [&hellip;]<\/p>\n","protected":false},"author":1,"featured_media":0,"parent":0,"menu_order":0,"comment_status":"closed","ping_status":"closed","template":"","meta":{"footnotes":""},"class_list":["post-242","page","type-page","status-publish","hentry"],"_links":{"self":[{"href":"https:\/\/ceatt.com.br\/educacao\/wp-json\/wp\/v2\/pages\/242","targetHints":{"allow":["GET"]}}],"collection":[{"href":"https:\/\/ceatt.com.br\/educacao\/wp-json\/wp\/v2\/pages"}],"about":[{"href":"https:\/\/ceatt.com.br\/educacao\/wp-json\/wp\/v2\/types\/page"}],"author":[{"embeddable":true,"href":"https:\/\/ceatt.com.br\/educacao\/wp-json\/wp\/v2\/users\/1"}],"replies":[{"embeddable":true,"href":"https:\/\/ceatt.com.br\/educacao\/wp-json\/wp\/v2\/comments?post=242"}],"version-history":[{"count":4,"href":"https:\/\/ceatt.com.br\/educacao\/wp-json\/wp\/v2\/pages\/242\/revisions"}],"predecessor-version":[{"id":345,"href":"https:\/\/ceatt.com.br\/educacao\/wp-json\/wp\/v2\/pages\/242\/revisions\/345"}],"wp:attachment":[{"href":"https:\/\/ceatt.com.br\/educacao\/wp-json\/wp\/v2\/media?parent=242"}],"curies":[{"name":"wp","href":"https:\/\/api.w.org\/{rel}","templated":true}]}}